to base 16
50ea6
What is -3122230 (base 5) in base 13?
-1a617
What is -111000011102 (base 4) in base 14?
-a34482
-102222000211102 (base 3) to base 16
-6104c6
What is -bbcc05 (base 13) in base 6?
-234514223
What is 1232021014 (base 5) in base 2?
1011011100110000101000
Convert 223132133001 (base 4) to base 2.
101011011110011111000001
What is -45aa1 (base 11) in base 4?
-100033230
What is -148042 (base 10) in base 14?
-3bd46
What is 323110010003 (base 4) in base 8?
73240403
Convert 5a178 (base 15) to base 7.
2304233
-19972 (base 16) to base 2
-11001100101110010
What is 33637 (base 13) in base 12?
4601a
What is 1733631 (base 10) in base 4?
12213033333
What is -221211110 (base 4) in base 14?
-46100
Convert 130003210231 (base 4) to base 10.
7354669
Convert -1a10c1 (base 13) to base 8.
-2407471
What is 1443131 (base 5) in base 12?
15b69
Convert -12410200 (base 5) to base 15.
-264a0
-90822d (base 15) to base 5
-3224034433
-a3820 (base 11) to base 14
-3d25b
What is -6a0834 (base 11) in base 8?
-4177171
-22212102110022 (base 3) to base 6
-245001312
What is 201120212010 (base 3) in base 6?
12132520
What is 1650270 (base 8) in base 14?
c6a00
Convert a190 (base 13) to base 14.
817a
Convert -126642 (base 7) to base 13.
-abc6
What is 3112002222 (base 4) in base 8?
3260252
-12650776 (base 9) to base 6
-341335110
Convert 18178624 (base 9) to base 7.
140511115
235105 (base 10) to base 2
111001011001100001
1002222211122 (base 3) to base 12
245798
Convert -45689 (base 11) to base 10.
-66042
11100100220 (base 3) to base 7
504306
-98302 (base 15) to base 12
-1b3832
Convert 2a9032 (base 11) to base 10.
480526
Convert 71269 (base 11) to base 2.
11001011011000111
Convert 32223012 (base 5) to base 11.
177543
-73ada9 (base 15) to base 11
-311a540
-8421565 (base 9) to base 10
-4502039
Convert 11101110102212 (base 3) to base 6.
121550422
What is 6abb68 (base 13) in base 2?
1001101011111111011000
Convert -27224a6 (base 12) to base 3.
-112121012221000
Convert -12100212212 (base 3) to base 15.
-21465
Convert -3258b (base 13) to base 6.
-1541245
-8 (base 16) to base 4
-20
-85022 (base 9) to base 5
-3244103
Convert -90d1bc (base 14) to base 8.
-22464242
Convert 331221300 (base 4) to base 2.
111101101001110000
What is -3368422 (base 9) in base 6?
-102540032
-1100527 (base 8) to base 13
-a450c
Convert 2630a01 (base 11) to base 7.
53466415
What is 23434313 (base 5) in base 15?
4493d
Convert -12034430121 (base 5) to base 8.
-65256671
What is 32248 (base 12) in base 13?
24077
220130430 (base 5) to base 15
139460
Convert -300013220231 (base 4) to base 6.
-1130211005
Convert 643041 (base 7) to base 10.
111504
What is 10011101100001 (base 3) in base 5?
412234324
What is -150345055 (base 6) in base 13?
-84b0cc
What is 146341 (base 9) in base 6?
1532231
What is -18ce5c (base 16) in base 11?
-a10452
What is -41bc62 (base 14) in base 10?
-2222334
Convert 1001010000110001010 (base 2) to base 3.
120102022200
What is 53774 (base 8) in base 11?
15a17
Convert -1782041 (base 10) to base 5.
-424011131
Convert 4562065 (base 8) to base 14.
243297
18861384 (base 10) to base 5
14312031014
Convert -10014111 (base 6) to base 10.
-282139
-89280 (base 10) to base 16
-15cc0
-2061068 (base 9) to base 15
-16bc5e
What is 12154242 (base 6) in base 11?
245951
10110000000110100001 (base 2) to base 8
2600641
-1435767 (base 8) to base 3
-202202110010
Convert 14b126 (base 14) to base 4.
2300033232
132150242 (base 7) to base 4
200123013110
14152422 (base 7) to base 9
2436873
-31431 (base 13) to base 14
-24404
Convert -55619 (base 10) to base 4.
-31211003
412040434 (base 6) to base 4
123010223212
Convert 1162154 (base 7) to base 13.
53156
101122212221221 (base 3) to base 13
1235269
What is 32bb7 (base 12) in base 5?
4124022
Convert -1c8a5 (base 13) to base 16.
-dc5c
What is 98c184 (base 14) in base 13?
10c5293
3259412 (base 10) to base 13
8a1760
301537 (base 11) to base 5
111011004
-10111101010110100100 (base 2) to base 12
-314a04
4212400 (base 5) to base 13
25976
Convert 32251166 (base 8) to base 4.
122111021312
What is -15333a7 (base 11) in base 4?
-22000322330
Convert 401323114 (base 5) to base 16.
183fa7
Convert 1532551 (base 6) to base 7.
523405
-461525 (base 8) to base 5
-20002001
331333 (base 7) to base 6
1125054
b3f80f (base 16) to base 3
211012012221101
-1b10 (base 12) to base 6
-23220
What is 1b082 (base 13) in base 8?
147142
Convert -10100202212010 (base 3) to base 9.
-3322763
What is 561319 (base 11) in base 5?
212113230
Convert -3434134 (base 6) to base 5.
-21112012
Convert 31e15 (base 15) to base 8.
465324
Convert 795a2 (base 14) to base 16.
47f4a
-487 (base 13) to base 16
-313
What is 3646312 (base 8) in base 3?
1212221102222
What is 2131122303 (base 4) in base 15?
cb0ac
43174 (base 13) to base 4
131210023
What is 2184ee (base 16) in base 13?
5bbb44
2223240 (base 8) to base 16
926a0
Convert -131580 (base 14) to base 2.
-10100000011000001100
Convert -3200031 (base 9) to base 5.
-414244244
What is 2ae5e1 (base 15) in base 2?
111111010001111110010
-553422242 (base 6) to base 7
-150521516
45620 (base 9) to base 2
111011010111001
Convert -371793 (base 10) to base 15.
-75263
Convert -132232021 (base 4) to base 14.
-33c01
1c8c8 (base 13) to base 14
167d7
75036 (base 13) to base 5
23222312
110001010011011001110 (base 2) to base 4
12022123032
What is 44c49 (base 13) in base 4?
132203001
Convert -1a84a (base 14) to base 7.
-400523
220410402 (base 5) to base 14
1aa691
What is -69174 (base 12) in base 13?
-4ba78
1000220200022 (base 3) to base 7
4445561
11110100001101100 (base 2) to base 6
2402512
What is -5340240 (base 6) in base 7?
-2140344
Convert -124383 (base 12) to base 2.
-1001000101100010011
Convert -130304042 (base 5) to base 12.
-267501
3330033032 (base 4) to base 15
1561cb
-20804a0 (base 11) to base 4
-31331300230
Convert 41643 (base 11) to base 15.
12e98
What is 17937 (base 10) in base 12?
a469
Convert 10642 (base 14) to base 7.
223412
Convert -419211 (base 12) to base 13.
-2a1903
Convert -2000301031 (base 4) to base 9.
-883451
What is -11111001101010000011 (base 2) in base 12?
-413943
What is -1903a31 (base 12) in base 4?
-103331120011
Convert -2020220011020 (base 3) to base 14.
-232b38
-22202132 (base 4) to base 10
-43166
What is 230109 (base 10) in base 4?
320023131
-1110000111110000111 (base 2) to base 3
-212111202001
What is -3224a2a (base 12) in base 15?
-c7b684
Convert 334224 (base 6) to base 12.
14374
a8318 (base 14) to base 5
101003342
What is -10101111110220 (base 3) in base 13?
-4b098a
Convert 1063655 (base 7) to base 4.
200210222
What is -244a645 (base 12) in base 7?
-114036455
What is 4180a (base 12) in base 4?
110331022
What is -641040 (base 8) in base 7?
-1546361
What is 1340223 (base 6) in base 16?
125f7
What is -82487 (base 13) in base 7?
-1662152
-37b23 (base 14) to base 5
-13333033
What is -346736 (base 8) in base 9?
-200165
-92080 (base 11) to base 2
-100000110101110111
Convert 1631751 (base 9) to base 5.
213004020
Convert -14557705 (base 8) to base 13.
-8c9741
What is -52dc5 (base 15) in base 5?
-31403420
Convert -2a5401 (base 12) to base 16.
-ae601
Convert -4c8de (base 16) to base 3.
-120221010120
Convert 42ca5 (base 14) to base 15.
32d69
What is 123326043 (base 7) in base 13?
180b4b7
5033051 (base 7) to base 2
10010001101000100001
9872875 (base 10) to base 4
211222113223
Convert 257060 (base 9) to base 6.
3202300
What is a6d434 (base 14) in base 7?
65661264
-3d0aff (base 16) to base 4
-33100223333
Convert 899cd (base 15) to base 12.
1912a1
Convert 47d17 (base 15) to base 9.
378204
What is 10001111101101100110001 (base 2) in base 8?
21755461
-5242256 (base 7) to base 15
-c7528
What is -1042204341 (base 5) in base 16?
-2326e9
-23013320 (base 6) to base 2
-10101011010111010000
What is -125543514 (base 6) in base 4?
-21212222212
-100001220 (base 5) to base 12
-16a1b6
3064295 (base 11) to base 10
5408199
What is -4b201 (base 13) in base 7?
-1115343
102012220012 (base 3) to base 2
110101111010001011
What is -100223120133 (base 4) in base 15?
-5b5619
Convert 1220122003 (base 4) to base 16.
68683
Convert 2030123314 (base 5) to base 11.
23815aa
Convert -633108 (base 9) to base 16.
-5bdbd
What is 26560564 (base 7) in base 5?
1111423322
What is 542410122 (base 6) in base 11?
5497407
C